486627 a prime number?
True
Is 459940271 a composite number?
True
Is 777216949 a composite number?
True
Is 3156981101 a prime number?
True
Is 42863747201 composite?
True
Is 3023892089 a prime number?
False
Is 11890086629 a prime number?
False
Is 10272089053 composite?
True
Is 93123843707 a composite number?
False
Is 3527389763 composite?
True
Is 232421675039 a composite number?
True
Is 980125337 a composite number?
True
Is 34114672639 a prime number?
True
Is 137338706471 a prime number?
True
Is 13479122341 prime?
True
Is 10469299903 prime?
True
Is 57594343 a prime number?
True
Is 81305405333 a prime number?
True
Is 721802659 composite?
True
Is 3695087033 prime?
False
Is 22678248623 prime?
True
Is 1836466963 a composite number?
True
Is 34892573 composite?
True
Is 24114656303 prime?
False
Is 80861680903 composite?
False
Is 49414195643 a prime number?
True
Is 7113127243 a composite number?
True
Is 7341520093 prime?
True
Is 8264978881 a composite number?
True
Is 3784418753 a composite number?
False
Is 830658599 a prime number?
False
Is 5941523491 a composite number?
False
Is 239641903 prime?
True
Is 1809678439 a prime number?
True
Is 1099108729 a prime number?
False
Is 9455638093 a composite number?
True
Is 15915169495 a composite number?
True
Is 143158009 a prime number?
True
Is 24713990855 prime?
False
Is 12036998287 a prime number?
True
Is 136624601 prime?
True
Is 250904449 a composite number?
True
Is 78572191 a prime number?
False
Is 265004959 a prime number?
False
Is 131784744851 a prime number?
True
Is 663352577 a composite number?
False
Is 237548217593 composite?
True
Is 762653807 a composite number?
False
Is 1411912877 prime?
False
Is 266873161 prime?
True
Is 164124751279 a composite number?
False
Is 25380573 composite?
True
Is 116816551 a prime number?
True
Is 3350598683 a composite number?
True
Is 10483908427 composite?
False
Is 9874335319 composite?
True
Is 47748219359 composite?
True
Is 356621033 a composite number?
True
Is 6169231 a composite number?
False
Is 514079666 a prime number?
False
Is 3661402865 prime?
False
Is 1590256439 prime?
False
Is 4212856927 a prime number?
False
Is 15467947331 composite?
False
Is 28686105857 prime?
True
Is 706954813 a composite number?
False
Is 9163177229 a composite number?
True
Is 3883072261 a prime number?
True
Is 3577113269 prime?
False
Is 1820050019 a composite number?
False
Is 933746273 a composite number?
False
Is 8761611907 a composite number?
True
Is 33293153 prime?
True
Is 1315275307 composite?
True
Is 501483767 a composite number?
False
Is 2722164587 a composite number?
False
Is 64719047297 a composite number?
False
Is 256527077 composite?
True
Is 26786798449 a composite number?
True
Is 636145207 a prime number?
True
Is 4814731123 a prime number?
True
Is 90000123779 composite?
True
Is 3649801033 a composite number?
False
Is 52067834057 composite?
True
Is 13391353 composite?
False
Is 3666108623 prime?
True
Is 452476649 a prime number?
False
Is 1618520383 prime?
True
Is 4361287157 composite?
False
Is 44697530589 composite?
True
Is 48937911613 a prime number?
True
Is 21360523 prime?
True
Is 1656320807 prime?
False
Is 1790010737 a composite number?
False
Is 11072408161 a prime number?
True
Is 809995421 a composite number?
True
Is 4235538683 composite?
True
Is 116038295809 composite?
True
Is 2457365353 composite?
False
Is 4583819689 a prime number?
True
Is 112976576803 a prime number?
False
Is 492453061 a prime number?
False
Is 5899561229 composite?
False
Is 3970156367 a prime number?
False
Is 452506333 composite?
False
Is 422892851 prime?
True
Is 51312540149 a composite number?
True
Is 13381636823 prime?
True
Is 119985604247 prime?
True
Is 745886117 composite?
True
Is 105308188711 a composite number?
True
Is 628800209 composite?
True
Is 3044356351 composite?
False
Is 1464388451 composite?
False
Is 18477699677 a composite number?
True
Is 9870656269 a prime number?
True
Is 91146883 a composite number?
False
Is 59249169533 composite?
False
Is 414060323 composite?
False
Is 8156407111 a composite number?
True
Is 14433061763 prime?
True
Is 75379759181 composite?
False
Is 139485990533 prime?
True
Is 35459958431 a composite number?
False
Is 995881949 a composite number?
False
Is 23615710087 composite?
True
Is 1205246729 prime?
True
Is 3943332677 prime?
False
Is 29713751261 composite?
False
Is 7889473283 a prime number?
True
Is 6219720341 prime?
True
Is 1723301534 a prime number?
False
Is 5681582587 a composite number?
True
Is 2079742289 prime?
True
Is 1679157097 a prime number?
False
Is 12001223 a composite number?
True
Is 21601696835 a prime number?
False
Is 35614097681 a prime number?
False
Is 2248025921 a prime number?
True
Is 3533563949 a composite number?
True
Is 3468567403 a composite number?
True
Is 8623004531 composite?
False
Is 186185171 composite?
True
Is 298402031 a prime number?
False
Is 51771920453 composite?
True
Is 101611444357 a composite number?
False
Is 17860100173 composite?
False
Is 47042693371 composite?
False
Is 2071327819 a composite number?
True
Is 17372075873 composite?
True
Is 15734555383 a composite number?
False
Is 76256573 a composite number?
True
Is 279726917 composite?
True
Is 498954317 composite?
True
Is 1171126163 a composite number?
False
Is 69598498867 composite?
False
Is 17077618507 a prime number?
True
Is 11748725011 a composite number?
False
Is 36883107757 prime?
True
Is 87388793 prime?
False
Is 269114023 a prime number?
True
Is 54825793817 a composite number?
False
Is 194378134 a composite number?
True
Is 575608219 a prime number?
False
Is 1003388201 prime?
False
Is 1796572993 composite?
False
Is 11942818721 a composite number?
False
Is 10586833 prime?
True
Is 19192158521 prime?
True
Is 15182617 composite?
True
Is 540170339 prime?
False
Is 121189729 a prime number?
False
Is 8912527171 composite?
True
Is 96586505467 a composite number?
False
Is 1208856881 prime?
True
Is 2562217763 prime?
False
Is 26681374945 a composite number?
True
Is 57539636257 a composite number?
False
Is 34619238979 composite?
True
Is 1652560067 a prime number?
True
Is 1828353497 prime?
True
Is 209366239 a composite number?
True
Is 12909520541 a prime number?
True
Is 9491930849 prime?
True
Is 3398482174 prime?
False
Is 3373962673 a composite number?
False
Is 16444941647 composite?
False
Is 59208477253 a prime number?
True
Is 8697975521 a prime number?
True
Is 518588467 a prime number?
True
Is 43856999 a prime number?
False
Is 1257537367 composite?
False
Is 30370676759 composite?
False
Is 896353130287 a composite number?
False
Is 1134295541 prime?
False
Is 8100459623 prime?
True
Is 712120373 a prime number?
True
Is 16689854729 a prime number?
True
Is 4744626769 prime?
True
Is 4804883423 a prime number?
True
Is 13946572027 a prime number?
True
Is 653259757 prime?
True
Is 1208247217 prime?
False
Is 922933979 a composite number?
True
Is 136463841757 composite?
False
Is 10427600839 composite?
False
Is 2286234721 a composite number?
False
Is 10120231522 prime?
False
Is 157421437 a composite number?
False
Is 147985870765 a composite number?
True
Is 4449080177 composite?
True
Is 817417397 a composite number?
False
Is 7960274813 composite?
False
Is 486446473 prime?
False
Is 74244873293 prime?
True
Is 2823252787 a composite number?
False
Is 415565839 a prime number?
False
Is 439479429 prime?
False
Is 1029442177 composite?
False
Is 29732378083 a prime number?
False
Is 198581659 composite?
True
Is 831322727 composite?
False
Is 721035899 a composite number?
False
Is 283157369 a composite number?
True
Is 556507243 composite?
False
Is 274540733 prime?
False
Is 11171851 a prime number?
False
Is 684233783 composite?
False
Is 350520017 prime?
True
Is 36096391 prime?
False
Is 3243862059 composite?
True
Is 1716821859 a composite number?
True
Is 36434178581 prime?
False
Is 3134714237 composite?
True
Is 1189878185 a prime number?
False
Is 4329261811 composite?
True
Is 29130725905 a composite number?
True
Is 34710803989 a prime number?
True
Is 6713132893 a prime number?
False
Is 1500387569 composite?
True
Is 192777419 a prime number?
False
Is 2777216287 prime?
False
Is 7710847393 composite?
True
Is 477149 prime?
True
Is 1169075861 prime?
False
Is 10403720759 a composite number?
False
Is 276443729 a prime number